ors of g?
2, 4831
Let v be 3 + -6 - (0 - 4). Let s = v + 21. Suppose 2*t - s = 44. List the prime factors of t.
3, 11
Let a = -123 - -2094. Let f = a + -807. What are the prime factors of f?
2, 3, 97
Suppose 0 = 19*l - l - 144. Suppose -q + 213 + l = 0. List the prime factors of q.
13, 17
Suppose 0 = 9*z - 4 - 14. Let h be (3 - 0)*z*1/(-2). List the prime factors of (1302/(-8))/h + 4/(-16).
2, 3
Let d(k) = 398*k + 856. What are the prime factors of d(15)?
2, 3413
Let o(p) = -p**3 + 17*p**2 - 26*p - 14. Let f be o(14). Suppose -d - f + 604 = 0. What are the prime factors of d?
2, 197
Suppose 3*z = -s + 149, -379 = -5*s - 2*z + 340. Suppose 4*d + s = -7*d. Let m(t) = 2*t**2 + 10*t - 13. List the prime factors of m(d).
3, 5, 13
Suppose -33 = x + 4*g + 28, 0 = -x - 2*g - 67. Let n = x - -84. Let m(f) = 17*f + 10. List the prime factors of m(n).
197
Let d be (5 - 4) + 10/2 - 2. Suppose -a - d*w - 244 = -817, -2*a + 1146 = -2*w. What are the prime factors of a?
3, 191
Suppose -4*r + 3*n + 460 + 437 = 0, 0 = 4*n - 4. Suppose r = -6*g + g. Let c = g - -93. What are the prime factors of c?
2, 3
Let v(y) = 2*y**2 + 8*y + 10. Let a be v(-7). Suppose -4*l + 2*x = 70, 5*l - 55*x + 54*x + 89 = 0. Let u = a - l. List the prime factors of u.
2, 5, 7
Suppose 0 = 5*t - q - 29 - 791, -4*q - 835 = -5*t. Let f(w) = 18*w + 67. Let d be f(-5). Let h = d + t. What are the prime factors of h?
2, 5, 7
Suppose 29*r - 13*r - 48 = 0. Let t(y) = 3*y + 7*y**2 + y**r - 2*y**2 - 20*y + 7*y**2 + 6. What are the prime factors of t(-12)?
2, 3, 5, 7
What are the prime factors of (49540/(-30) - -5)/(5/(-45))?
3, 11, 449
Suppose 8*j - j - 2184 = 0. Let d = -59 + j. List the prime factors of d.
11, 23
Suppose 595*w - 107*w = -99*w + 32998205. What are the prime factors of w?
5, 11243
Let y(h) = h**2 + 11*h + 24. Let q be y(-7). Let p be (-5)/40*q*0. Suppose r + r - 34 = p. What are the prime factors of r?
17
Let v(w) = -w**3 - 7*w**2 - 9*w + 9. Let m be v(-5). Suppose 5*r - 1302 = -4*d, -m*d + 5*r = 3*r - 1288. What are the prime factors of d?
17, 19
Suppose -2*c = -0*c - 10. Suppose -u + 303 = 3*k, c*u - 4*k = 3*u + 576. What are the prime factors of (-1 + -2)*u/(-18)?
7
Suppose -47 = -3*s - 47. Let v be 13 + -11 + 1 + s. Suppose -m - 3*r + 111 = 0, -r + 5 = v. What are the prime factors of m?
3, 5, 7
Let x = 340 - 285. Suppose -x*m + 59*m = 964. What are the prime factors of m?
241
List the prime factors of ((-5958782)/(-240) - (-39)/(-312)) + (-10)/75.
2, 3, 2069
Let x = 53 - 23. Let n be 48/15 - (-3)/x*-2. Suppose 2*i = -k + 59, n*i - 3*k - 19 - 65 = 0. List the prime factors of i.
29
List the prime factors of 1 + 13 + (4867 - -305).
2, 2593
What are the prime factors of (-2797)/(8 + (-68)/8)?
2, 2797
Let p = -2484 - -3334. List the prime factors of p.
2, 5, 17
What are the prime factors of (-111)/(-105) + 18/(-21) - 67618/(-10)?
2, 3, 7, 23
Suppose 3*z - 1 - 5 = 0. Suppose 0 = 4*u - z - 102. Suppose 465 = -21*y + u*y. What are the prime factors of y?
3, 31
Suppose -4*p - 1059 = -7*p. Let x = p - -53. What are the prime factors of (2/(-7))/((-2)/x)?
2, 29
Let i(g) = -17*g + 7. Let q(u) = 1. Let b(s) = s**3 - 6*s**2 - 6*s - 13. Let k be b(7). Let r(n) = k*q(n) + i(n). List the prime factors of r(-8).
137
Let f = -34 - -38. Suppose -625 = -f*t - v, -3*t + 0*v = -5*v - 463. Suppose -t = -2*b + 10. List the prime factors of b.
83
Let r(t) = 34*t**3 - 2*t**2 + 519*t - 3082. What are the prime factors of r(6)?
2, 11, 83
Suppose -97 - 75 = -4*x. Suppose 4*d = 4*i - 124, i + 0 = 4*d + x. List the prime factors of i.
3
Let f(j) = 18*j + 83. Let s(i) = -37*i - 165. Let r(h) = 5*f(h) + 3*s(h). What are the prime factors of r(-21)?
19
Suppose 55 = -0*t + 11*t. Suppose -5*j = 5*n, -2*j + n + t = 2*n. List the prime factors of j.
5
Let f be 598 + 30 - 1*8. Suppose -4*d + 2685 = p, 3*d - 2655 = -5*p - f. What are the prime factors of d?
2, 5, 67
Let k(n) = 298*n**2 + 30 - 8*n - 129*n**2 + n**3 - 151*n**2 - 6*n. What are the prime factors of k(-18)?
2, 3, 47
Let k(g) = -6*g - 2. Let v be k(-1). Let o be (v/(-6))/(58/261). What are the prime factors of o/(-24)*1604 - 2/(-4)?
3, 67
Let p = 97 - 28. Let h = p + -65. List the prime factors of -4 - (-38 + -2)*h.
2, 3, 13
Let c be 417/2 - (7/(-2) - -3). Let o = 537 - c. What are the prime factors of o?
2, 41
Suppose 0 = -2*x - 4*v - 1636 - 788, -4*x = 3*v + 4823. Let c(j) = -j**2 - 16*j - 64. Let k be c(-9). What are the prime factors of x/(-8) - k/(-4)?
2, 3, 5
Let r = -82 - -31. Let i = 55 + r. Suppose 366 = m + 2*m + i*j, -m - j = -123. List the prime factors of m.
2, 3, 7
Let j(f) be the second derivative of -67*f**3/6 + 13*f**2 + 3*f - 13. List the prime factors of j(-3).
227
Suppose 4*d - 3*q - 45 = 0, 12*d = 11*d - q + 13. Let h(o) = 5*o + 294. List the prime factors of h(d).
2, 3, 59
Suppose -100 - 185 = -3*w. Suppose 0 = 3*m - 2*o + 305 + 6, m = 5*o - w. What are the prime factors of (-1)/2*(-1 + m)?
53
What are the prime factors of ((-3)/(-54)*1713)/((-56)/(-12432))?
37, 571
Suppose -3*d - 27994 = -7*d + 2*i, 3*d + 3*i = 21009. List the prime factors of d.
2, 5, 7
List the prime factors of (316/(-10))/(-2*29/16385).
79, 113
Let a be 2/((10/5)/4). Let b be 1 - (-4 + 9 - a). Suppose 9*f - 4*f + 4*y - 1273 = b, -y = -2*f + 517. What are the prime factors of f?
257
Let l(t) = -t**2 - 17*t - 55. Let r be l(-13). List the prime factors of (2/3)/(r/(32904/(-16))).
457
Suppose 4*v - 15 = -r, 4*r - 5*v + 6 - 3 = 0. Suppose q + 0*q = 0. Suppose q = -5*n + r*o + 719, n + 2*o + 432 = 4*n. List the prime factors of n.
2, 71
Let x(i) be the third derivative of -29*i**4/24 - i**3/2 - 45*i**2 + 3. List the prime factors of x(-36).
3, 347
Let o = 8 - 49. Let y = 46 + o. Suppose q - 2*w + 3 = 2, q + y*w - 27 = 0. What are the prime factors of q?
7
Suppose -7*b = -6*b - 441. Suppose -b = -7*t + 2660. List the prime factors of t.
443
Let y be (2/(-6) - 4/(-3)) + 0. What are the prime factors of 1800 + -79 + y*5?
2, 863
Suppose 0 = -4*u + 5*g + 4790, 2*u + 0*u = -g + 2402. Suppose -2*f + 5*i - 4 = i, -i = -3*f + 19. Suppose -f*l + u = -0*l. What are the prime factors of l?
2, 3, 5
Let l = 18426 + -3083. What are the prime factors of l?
67, 229
Let i be (-65)/(-26)*16/10. Let s(r) = r + 1. Let h be s(3). Suppose h*k = -i*g + 792, -k + 4*g - 406 = -3*k. List the prime factors of k.
193
Suppose 15*x + 2*x + 2295 = 0. What are the prime factors of (-2)/(-15) + 7017*(-6)/x?
2, 3, 13
Let p(m) = m**3 - 7*m**2 + 6*m + 5. Let f be p(6). Let g be 20/4*1*(-6)/f. Let t(v) = -35*v - 47. List the prime factors of t(g).
163
What are the prime factors of (-3)/(6/(-4)) + -6*17949/(-9)?
2, 11, 17
Suppose 9*l = -4*l + 52. Suppose -l*y = y - 1110. Suppose 4*f - 5*j = 472, -j = 2*f - 0*j - y. List the prime factors of f.
113
Let s(o) be the second derivative of o**5/20 + 3*o**4/2 - 41*o**3/3 + 53*o**2/2 + 43*o. List the prime factors of s(-18).
11, 139
Let z(r) = -15*r**3 + 3*r**3 + 13*r**3 - 38 + 2*r - 22*r**2. Let a be z(22). Suppose -a*v = -2*v - 376. What are the prime factors of v?
2, 47
Let u(f) = 18146*f + 1132. What are the prime factors of u(2)?
2, 2339
Let s be ((-1026)/(-45))/((-5)/(-3450)). Suppose -54*t + 72*t - s = 0. What are the prime factors of t?
2, 19, 23
Suppose 94*a + 936 = 103*a. Suppose 0 = 3*l - 5*t - 52, -l - 3*t = -7*t - 15. Let f = a + l. What are the prime factors of f?
3, 41
Suppose -104 = -6*y - 2*y. Suppose -6*a + y*a = 0. Suppose 2*l + a*t - 32 = t, -4*t + 16 = 0. List the prime factors of l.
2, 3
Suppose -4*u + 8233 = -z, -13*z + 10*z = -9. What are the prime factors of u?
29, 71
What are the prime factors of 2237740/1016*(-34)/(-5)?
17, 881
Let y(a) = -3*a**3 + 11*a**2 - 27*a + 44. Let v be y(9). Let m = -1064 - v. List the prime factors of m.
431
Suppose -v = 5*z - 3259, 0*z + 4*v - 1952 = -3*z. Let a = -297 + z. List the prime factors of a.
5, 71
Suppose -3*r - 6 - 3 = 5*o, o + 11 = 4*r. Suppose -4*z - 3 = -7*z, 178 = 5*j - r*z. List the prime factors of j.
2, 3
Suppose -k = -5*n - 9, 3*n + 2*k - 6 = 7*n. List the prime factors of (-6)/n + 608 - -4.
3, 5, 41
Suppose -o + 3*q = 1227, -4*o - q - 4880 = q. Let n = -705 - o. Suppose -4*i = 4*m - n, i - 501 = -4*m - 0*i. What are the prime factors of m?
2, 31
Let d be (51*(-6)/9)/1. Let f be (0 -